1
Suppose -8*a - 1058 - 222 = 0. Let h be a/8 + -1 + 3. What is the hundreds digit of (-2412)/h - (1 + 1)?
1
Suppose -372*w + 6336 = -361*w. Let t = w - 432. What is the units digit of t?
4
Let t = -116 - -1221. Let u = t + -165. Suppose 3*h - 950 = -2*h - k, 0 = 5*h + 3*k - u. What is the hundreds digit of h?
1
Let t = 292 - 289. Let s = 4 + -1. What is the units digit of (-82)/(t/3 - s)?
1
Let s = -266 + 155. Let d = -90 - s. What is the tens digit of d?
2
Suppose 5*h = 5*b - 105865, -3*b - 6*h + 63528 = -8*h. What is the ten thousands digit of b?
2
Suppose -23 = -4*s + 3*q, -3*s + 4*s + 4*q + 18 = 0. Suppose -971 = -3*t - s*c, 3*c + 1650 = 72*t - 67*t. What is the hundreds digit of t?
3
Let n be -2*1/4 + 13651/34. Suppose -5*d = -1354 - n. What is the hundreds digit of d?
3
What is the ten thousands digit of (-9 - -46731) + (-144)/(-9)?
4
What is the tens digit of ((-136)/(-357))/(18/(-21)) - 22909/(-9)?
4
Let i = 27198 - 6536. What is the ten thousands digit of i?
2
Let y be (-4125)/(-45) - 6/9. Suppose y*o + 1071 = 94*o. What is the units digit of o?
7
Let v = 49 + -21. Suppose -156*i + v = -157*i. Let r = 23 - i. What is the units digit of r?
1
Let v(n) = n**3 - 18*n**2 + 12*n - 5. Suppose 6*m - 3*m - 51 = 0. Let r be v(m). Let l = 168 + r. What is the tens digit of l?
7
Let s(l) be the first derivative of -31*l**2/2 - 47*l - 32. What is the units digit of s(-10)?
3
Suppose 0 = -28*s - 255 + 843. Suppose -2*k + 3*r + 937 = 0, -2*r - 938 = 19*k - s*k. What is the units digit of k?
0
Let o be (-55)/(-33)*(1 + 2). Suppose 2*d = o*d - 603. What is the units digit of d?
1
Let o(x) = 4*x + 16. Let k be o(-5). Let b(j) = -7*j - 20. Let s be b(k). Suppose 9*y = s*y + 98. What is the units digit of y?
8
Let o be -6*8/12 + 76. What is the tens digit of 200/16*(2 + o)?
2
Let z(y) = -99*y - 220. Let k(h) = -7*h - 16. Let b be k(-1). What is the tens digit of z(b)?
7
Suppose 4*t - 18*x = -14*x + 388484, 2*t + 4*x = 194290. What is the thousands digit of t?
7
Let u(t) = t**2 - 3*t - 11. Let a be 8*2 + 3 + 0 + -5. Let b(y) = -y**3 + 15*y**2 - 14*y - 8. Let d be b(a). What is the tens digit of u(d)?
7
Let k(o) = -o**2 - 18*o - 36. Let h(s) = -10*s**2 - 23*s + 24. Let i be h(1). What is the tens digit of k(i)?
4
Suppose -o - 20 = -6*o, -4*o = 5*j - 366. Let g = 298 - j. What is the units digit of g?
8
Let w(x) = x + 116. Let j(o) = -23. Let u(k) = 11*j(k) + 2*w(k). Let g be u(12). Suppose 3*z = -2*c + 115, -g*c + 5*z = -258 + 76. What is the tens digit of c?
5
Let t = 93 + -93. Suppose -2*u + 649 = 3*c, 5*c + 0*u + 3*u - 1080 = t. Let j = c - 112. What is the tens digit of j?
0
Let i(q) be the second derivative of -4*q**2 + 0 + 11/12*q**4 - 21*q + 1/10*q**5 + 4/3*q**3. What is the units digit of i(-4)?
8
Let l = 116 + -100. Suppose l*r = 2*r + 7630. What is the hundreds digit of r?
5
Suppose 0 = -2*f, 5*z - 8*z = 4*f - 15. Suppose -2*a - 4334 = -z*w, 2*a = -4*w - 0*w + 3460. What is the units digit of w?
6
Suppose -6*r + 34632 = -r + 13*r. What is the tens digit of r?
2
Suppose -7*y + 9*y + 15*y = 5440. Let v = 34 - 16. Suppose y = -v*w + 20*w. What is the tens digit of w?
6
Let u = -41999 - -63800. What is the tens digit of u?
0
Let q be -8*((-4)/(-4))/(-2). Suppose 4*u + 36 = 4*m, -m = u - q*u - 13. Suppose m*i - 286 - 267 = 0. What is the tens digit of i?
7
Suppose -390*j + 65585 = -377*j. What is the units digit of j?
5
Let y be 54/(7/6*(-4)/(-7)). Suppose 2*u - 29 - y = 0. Let q = u + 2. What is the units digit of q?
7
Let c(n) = -2*n**2 + 16*n - 12. Let i be c(6). Suppose i*p = 7277 + 19. What is the hundreds digit of p?
6
Suppose 0 = -4*o + 51 - 435. Let a = 184 - o. What is the tens digit of a?
8
Let n(f) = 5*f**2 - 4*f - 33. Suppose -7*t = -56 + 7. What is the hundreds digit of n(t)?
1
Let q(w) = 12*w**3 - 2*w. Let y be q(3). Suppose -99*m = -105*m + y. What is the tens digit of m?
5
Suppose 2*v + 7 = -r + 17, 0 = -2*v + 3*r + 2. Suppose 2*o + 4 = -v*t, 0 = -2*o - 3*o - t + 8. What is the tens digit of 131 + o/(8/12)?
3
Let d(j) = 25*j**2 + 4. Let r be 75/(-30)*6/(-5). Suppose -3*o - 14 = 6*b - 4*b, -5*o - r*b = 22. What is the tens digit of d(o)?
0
Let x(k) = -30*k**2 + 60*k**2 + 1183 - 27*k**2 - 5*k. What is the hundreds digit of x(0)?
1
Let k be 12/(4 + 0) - -115. Let g = k + -41. Let t = -16 + g. What is the units digit of t?
1
Let b = -283 + 905. Let w = 74 + b. What is the hundreds digit of w?
6
Let y be (-147)/(-54)*93 + (-3)/18. Let f = 399 + y. What is the hundreds digit of f?
6
Let f(m) = 2*m**2 + 287*m + 749. What is the units digit of f(142)?
1
What is the tens digit of 450692/(-44)*(2 - 3 - 0)?
4
Let h = 8530 - 2553. What is the units digit of h?
7
Let o be (1 + -21)*(-2)/8. Suppose 3*l + 5*h = 1440, -o*h + 9*h + 1952 = 4*l. What is the hundreds digit of l?
4
Suppose 11*b - 10*b - 3 = 0. Suppose x - 15 = -p, -4*x + b*p + 18 = -14. Suppose 1268 = x*t - 19. What is the units digit of t?
7
Let a(z) = -z**3 - 4*z**2 + 16*z - 8. Let o be -4 + -7 + 0 + 4. Let x be a(o). Let k = -22 + x. What is the units digit of k?
5
Suppose -66*k - 72 = -62*k. Let x(q) = -52*q - 150. What is the units digit of x(k)?
6
Suppose -a + 8308 = 4*b, a + 7*b = 9*b + 8326. What is the units digit of a?
0
Suppose 3*u + 6*v = 4*v + 13, 3*u = v + 16. Suppose u*n - 2800 = 5*d, 2*n = -0*n - 2*d + 1140. What is the units digit of n?
5
Let f(v) = 36 - 25 + 16*v**2 - v**3 + 15*v + 21. What is the hundreds digit of f(14)?
6
Let k(a) = 7*a + 61. Let g be k(-6). Let b = 88 - g. Suppose p - 105 = -5*f, -2*p + 4*f + 127 = -b. What is the units digit of p?
0
Let x(s) = 2*s**2 - 15*s - 948. What is the hundreds digit of x(52)?
6
Let t be -3 + 284 + 2 - -2. Suppose 5*a + 2*o + t = 4*o, 0 = 5*a + 4*o + 255. What is the tens digit of -18*(a/10 - -4)?
2
Suppose 5*v = 4*u + 157062, 0*v - 4*v - 2*u = -125634. Suppose v = -18*s + 36*s. What is the thousands digit of s?
1
What is the hundreds digit of -127*((-140)/140 + (-3)/(3/35))?
5
Suppose 19*n - 4*n - 69495 = -0*n. What is the tens digit of n?
3
Let q(z) = z**3 + 20*z**2 + 8*z - 23. Let y be q(-14). Suppose y + 989 = 7*f. What is the units digit of f?
0
Let b = -496 + 503. Suppose -21148 = -b*q - 10*q. What is the units digit of q?
4
Suppose 9 = -g + 3*w, g + 2*w + 2 = -2. Let c(f) = -4*f - 14. Let a be c(g). Suppose -5*x + a = -25. What is the units digit of x?
7
Let s be (-1 + 1 - 604)*13/(-13). Let x = s + 840. What is the hundreds digit of x?
4
Let v be -3*(-35)/15 - 3. Suppose 4*a - 3708 = -v*t + 3068, -3380 = -2*t - 4*a. What is the units digit of 4/(-8) + t/12?
1
Suppose -10 = v + 7. Let n(q) = -2*q - 29. Let t be n(v). Suppose -678 = -6*k + 3*k - d, -t*k = -3*d - 1116. What is the units digit of k?
5
What is the thousands digit of -9 - (-13 - (10181 - 9))?
0
Suppose 693 = -3*h - 3*t, 2*h - 16*t + 12*t = -462. Let s = 325 + h. What is the tens digit of s?
9
Suppose -792 = -49*k + 41*k. Let t = -97 + k. What is the tens digit of (12 - (t/(-8) + 0))*4?
4
Let a(l) = l**3 - 2*l**2 + 9*l - 7. Let z = 36 + -41. Let r(y) = y**3 - 3*y**2 + 8*y - 7. Let g(k) = z*a(k) + 6*r(k). What is the tens digit of g(8)?
1
Let q(p) = -3*p**3 - 105*p**2 - 27*p - 588. What is the hundreds digit of q(-35)?
3
Let a = 61989 - 40435. What is the units digit of a?
4
Suppose -278*u = -4*u - 208342 + 45038. What is the hundreds digit of u?
5
Let s(z) = -5*z**3 - 5*z - 6. Let r be s(-2). Let b = r + -42. Suppose -4*t - 2*l = -270, -b*l - 3*l + 206 = 3*t. What is the units digit of t?
7
Suppose 0 = -148*s + 138*s - 200. Let d(x) = -4*x**3 - 77*x**2 + 30*x - 11. What is the units digit of d(s)?
9
Let c(s) = -3784*s - 1602. What is the hundreds digit of c(-3)?
7
Let g(z) be the second derivative of -5*z**4/12 - 47*z**3/2 - 24*z**2 - 2*z + 2. What is the units digit of g(-24)?
6
Suppose 3*d = 3*s + 39438, 3*d - s - 52602 = -d. What is the ten thousands digit of d?
1
Suppose -5*a = -10*a + 25. Suppose -5*d + 20 = 4*g - 2, g + 7 = a*d. Suppose 174 = 5*i - g*i. What is the tens digit of i?
8
Let h be 7/(35/10)*-20. Let l = h - -52. What is the tens digit of -1 - -1 - (-924)/l?
7
Let t(o) = -9890*o + 535. What is the hundreds digit of t(-2)?
3
Let v(t) = t + 12. Let f be v(-9). Suppose 5*x - f*a + 6*a = 2008, 5*x - a = 2024. What is the units digit of x?
4
